le of 29?
False
Does 4 divide 130245928?
True
Does 270 divide 84452318?
False
Is 12 a factor of 6546996?
True
Is 764 a factor of 33775471?
False
Is 690 a factor of 9069778?
False
Is 35459328 a multiple of 768?
True
Is 112479385 a multiple of 5869?
True
Does 952 divide 207115217?
False
Does 1488 divide 27366313?
False
Does 25 divide 742290441?
False
Is 143666348 a multiple of 203?
True
Is 2171438624 a multiple of 4?
True
Is 300846432 a multiple of 73?
True
Is 195 a factor of 29734300?
False
Does 7 divide 8717296?
True
Is 264254362 a multiple of 4370?
False
Is 6 a factor of 192251?
False
Is 2718 a factor of 1095791598?
True
Does 72 divide 145617308?
False
Is 30938205 a multiple of 43?
False
Is 176640720 a multiple of 16?
True
Is 1790148647 a multiple of 2021?
False
Is 299416506 a multiple of 181?
False
Is 25 a factor of 161035575?
True
Is 73 a factor of 9795254?
False
Is 560 a factor of 8786381?
False
Is 20383347 a multiple of 33?
False
Is 162 a factor of 35966845?
False
Is 1685746060 a multiple of 72?
False
Is 82 a factor of 209045060?
True
Does 4 divide 2136600?
True
Does 267 divide 4018631330?
False
Is 390 a factor of 752431211?
False
Does 369 divide 11119613?
False
Is 52553614 a multiple of 94?
True
Does 28 divide 40616128?
True
Is 3556 a factor of 1420565104?
True
Is 684182901 a multiple of 5193?
False
Is 285820868 a multiple of 244?
True
Is 41152537 a multiple of 1880?
False
Does 86 divide 158883053?
False
Is 293902735 a multiple of 361?
True
Is 41 a factor of 85569555?
False
Does 6 divide 209467884?
True
Is 1982 a factor of 72875524?
False
Does 16 divide 42927064?
False
Does 49 divide 496564726?
True
Does 41 divide 188991140?
True
Is 164340760 a multiple of 2?
True
Is 23 a factor of 627211104?
True
Is 734457325 a multiple of 7?
True
Is 270 a factor of 66485240?
False
Is 286 a factor of 258310694?
False
Does 168 divide 2112099460?
False
Is 28703285 a multiple of 7?
False
Is 149901694 a multiple of 127?
False
Is 625258935 a multiple of 1337?
False
Is 99 a factor of 105250860?
True
Is 152328766 a multiple of 50?
False
Is 81616570 a multiple of 269?
False
Is 650 a factor of 8887450?
True
Is 452 a factor of 5643672?
True
Does 1277 divide 11756656?
False
Does 221 divide 22872064?
False
Is 1516772178 a multiple of 86?
False
Does 32 divide 25519392?
True
Is 1733415840 a multiple of 8240?
True
Does 102 divide 50660748?
True
Does 13 divide 62368617?
False
Is 1575399556 a multiple of 223?
True
Does 3 divide 1030193197?
False
Is 1609 a factor of 411232170?
False
Does 122 divide 693219616?
True
Does 20 divide 890833380?
True
Does 3325 divide 19169175?
False
Is 10106685 a multiple of 15?
True
Does 14 divide 7695142?
True
Is 13 a factor of 200676918?
True
Is 48 a factor of 323707632?
True
Is 3 a factor of 4313619?
True
Does 2407 divide 96756318?
False
Does 15 divide 2608457850?
True
Is 460 a factor of 560339800?
True
Does 218 divide 3141842230?
False
Is 128 a factor of 68432788?
False
Does 5482 divide 2719392559?
False
Is 1629 a factor of 3438811877?
False
Is 1687 a factor of 149146676?
False
Is 960310 a multiple of 58?
False
Does 161 divide 6985379?
False
Is 821900559 a multiple of 3389?
False
Is 165 a factor of 17443?
False
Is 1824578052 a multiple of 1259?
True
Is 1612284540 a multiple of 32?
False
Does 390 divide 355180410?
True
Is 140508992 a multiple of 617?
False
Is 471207 a multiple of 22?
False
Does 1484 divide 83614115?
False
Does 32 divide 650443424?
True
Is 37 a factor of 93225176?
False
Is 13751070 a multiple of 10?
True
Is 54 a factor of 170008565?
False
Is 105083932 a multiple of 274?
True
Does 4994 divide 520777084?
False
Does 5 divide 3920320?
True
Is 368693689 a multiple of 1185?
False
Does 35 divide 24593578?
False
Does 57 divide 349368815?
False
Does 79 divide 5474351900?
False
Is 3 a factor of 138690678?
True
Does 10 divide 177010886?
False
Is 139772895 a multiple of 424?
False
Is 865535004 a multiple of 131?
False
Does 67 divide 2527374?
True
Is 24854984 a multiple of 154?
True
Does 333 divide 74722966?
False
Is 1181 a factor of 178321999?
False
Does 126 divide 150136347?
False
Is 291573714 a multiple of 1334?
True
Is 153 a factor of 341360595?
True
Is 1234 a factor of 748893062?
False
Is 330711914 a multiple of 13?
True
Is 539071969 a multiple of 32?
False
Does 116 divide 1798348?
True
Does 1168 divide 174042512?
True
Does 4 divide 12322200?
True
Does 1423 divide 1467026790?
False
Is 8 a factor of 378580?
False
Is 2253751453 a multiple of 10?
False
Does 222 divide 775967922?
True
Does 4 divide 6327365?
False
Is 1873 a factor of 27089548?
False
Is 214 a factor of 126086660?
True
Does 187 divide 39036811?
True
Is 218559887 a multiple of 501?
False
Is 502264400 a multiple of 2321?
True
Is 287544741 a multiple of 183?
False
Is 882529614 a multiple of 27?
True
Is 404 a factor of 5054516?
False
Is 292 a factor of 322842834?
False
Is 130955455 a multiple of 307?
True
Does 11 divide 403936588?
True
Is 4211840 a multiple of 640?
True
Is 32983860 a multiple of 130?
True
Does 32 divide 17024512?
True
Is 23003518 a multiple of 3?
False
Is 2757 a factor of 68614587?
False
Is 28909270 a multiple of 5?
True
Is 1907 a factor of 6270604?
False
Does 40 divide 9855975?
False
Does 23 divide 430149075?
False
Is 44 a factor of 18312624?
True
Does 55 divide 422649095?
True
Does 15 divide 2811420?
True
Does 14012 divide 3744833108?
True
Does 34 divide 904092198?
True
Is 19764602 a multiple of 156?
False
Is 1903403 a multiple of 4?
False
Is 38727263 a multiple of 308?
False
Is 52 a factor of 1424811051?
False
Is 178853480 a multiple of 298?
False
Is 98 a factor of 1375070?
False
Does 814 divide 948790260?
True
Does 2833 divide 100530847?
False
Is 79090480 a multiple of 35?
True
Is 33039840 a multiple of 340?
True
Is 28 a factor of 38655432?
False
Does 6 divide 5566539?
False
Is 389492375 a multiple of 971?
True
Does 2303 divide 2915598?
True
Does 188 divide 1815412031?
False
Does 27 divide 126287991?
True
Does 769 divide 194872265?
False
Is 21 a factor of 26625929?
False
Is 24 a factor of 10020842?
False
Is 64 a factor of 1084840256?
True
Is 1713053 a multiple of 148?
False
Is 723 a factor of 3493043248?
False
Is 17 a factor of 4633300445?
True
Does 11 divide 259590410?
False
Does 23 divide 17886157?
True
Is 58 a factor of 242086606?
True
Does 38 divide 917791119?
False
Is 9348465 a multiple of 4?
False
Does 80 divide 104904240?
True
Is 2377531719 a multiple of 831?
True
Is 15 a factor of 159391695?
True
Is 11461330 even?
True
Is 1207213549 a multiple of 66?
False
Is 54 a factor of 1178398688?
False
Is 2424355815 a multiple of 45?
False
Does 416 divide 93163200?
True
Is 3842669 a multiple of 7?
False
Is 3102289 a multiple of 285?
False
Does 14 divide 17437266?
True
Is 1702 a factor of 71878864?
True
Is 103383588 a multiple of 924?
True
Is 13 a factor of 78589108?
True
Is 5 a factor of 85091845?
True
Does 89 divide 62304827?
False
Is 3696319605 a multiple of 11?
True
Does 171 divide 1762721598?
False
Does 2593 divide 3620687451?
False
Is 157 a factor of 60261153?
True
Is 277964953 a multiple of 402?
False
Is 6200109 a multiple of 1254?
False
Does 65 divide 111211230?
True
Is 81 a factor of 6385381160?
False
Is 50300936 a multiple of 8?
True
Is 24281476 a multiple of 21?
False
Is 52219940 a multiple of 138?
False
Is 282612736 a multiple of 1792?
True
Is 134833912 a multiple of 61?
True
Is 4 a factor of 54539964?
True
Is 2135459931 a multiple of 726?
False
Does 584 divide 106477800?
True
Is 24167518 a multiple of 422?
True
Is 29 a factor of 49619499?
False
Does 28 divide 147976192?
True
Is 89786836 a multiple of 617?
False
Does 36 divide 1717102275?
False
Is 3537 a factor of 37272906?
True
Is 75 a factor of 14984844?
False
Does 334 divide 80264542?
True
Is 1172469395 a multiple of 63?
False
Is 44 a factor of 2483931?
False
Does 15 divide 280855306?
False
Does 6783 divide 2042715187?
False
Is 2691083855 a multiple of 379?
False
Is 3843 a factor of 667361621?
False
Does 16 divide 499353296?
True
Is 10 a factor of 136754910?
True
Does 13 divide 184579703?
False
Is 825 a factor of 917243250?
True
Does 671 divide 160731243?
False
Does 10 divide 47116880?
True
Is 2850 a factor of 181855650?
True
Is 3035912 a multiple of 3?
False
Is 54186880 a multiple of 44?
